)?
3
Suppose 0 = 146*y - 153*y + 2205. What is the tens digit of y?
1
Let c(z) = z**3 + 15*z**2 + 28*z + 29. What is the units digit of c(-11)?
5
Let j(i) = -8*i**2 - 7*i - 24. Let z be j(-6). What is the units digit of (z/(-63))/(3/28)?
0
Let q = 5214 - 3117. What is the hundreds digit of q?
0
Suppose 1321 - 384 = 2*y + 3*q, 2*y - 945 = 5*q. What is the tens digit of y?
7
Let i(p) = 10*p**2 + 4*p + 2. Let y(k) = 2*k + 2. Let w be y(0). Suppose -w*o - 2*o - 8 = 0. What is the tens digit of i(o)?
3
Suppose 0 = -5*g, 4*i + g - 44 = 6*g. Suppose 2*z = i + 7. Let b = -8 + z. What is the units digit of b?
1
Suppose 5*z = -3*c - 45, -4*c - 31 = -3*z - 0*z. Let j = -5 - c. Suppose u - j*u + 113 = -5*n, -25 = 5*n. What is the units digit of u?
2
Suppose 0 = 5*w + 5, -358 = m + 2*m + 4*w. Let u = m + 189. Suppose -u = -3*r + 16. What is the units digit of r?
9
Let o(v) = 23*v - 12 + 17 - v. What is the tens digit of o(7)?
5
Let t = 163 + 137. What is the tens digit of t?
0
Let f(a) = -7*a**2 - 9*a + 2. Let k(o) = 13*o**2 + 17*o - 4. Let b(s) = -11*f(s) - 6*k(s). Let m be b(-3). Suppose 0*h = m*h - 98. What is the tens digit of h?
4
Suppose -149*c + 134*c + 43065 = 0. What is the hundreds digit of c?
8
What is the units digit of 6 + (-4)/3 + (-55097)/(-51)?
5
Suppose -199*c = -198*c - 600. What is the hundreds digit of c?
6
Let r(q) = q. Let p be r(1). Let t(s) = 2*s**2 - 1. Let v(o) = -32*o**3 + 6*o**2 - o - 2. Let i(w) = 4*t(w) - v(w). What is the units digit of i(p)?
3
Let l(j) = 45*j**2 + 67*j + 31. What is the tens digit of l(-7)?
6
Suppose -5*g + 28 = y - 0*y, 3*g - 10 = -4*y. What is the tens digit of (3/(-7))/(g/21)*-76?
1
Let z(n) = -7*n + 59. Let v be z(8). What is the tens digit of (4 - v)*30 - -2?
3
Let f(x) = -141*x**3 - 2*x - 1. Let n be f(-1). Let g = n + -91. Let h = g + -26. What is the units digit of h?
5
What is the tens digit of (8 - (-424 - -6)) + -3?
2
Let j = 24 + -18. Let y(h) = 2*h - 8. Let q be y(j). Suppose 0 = -q*u - 0*u + 120. What is the units digit of u?
0
Suppose -5*w + 4*f = -19, 2*w - 6 = 2*f - 0. Let p(g) = -g**3 + 10*g**2 - 13*g + 2. What is the tens digit of p(w)?
5
Let c(z) be the first derivative of 15*z**4/4 + z**3 - 3*z**2/2 + z + 5. What is the tens digit of c(2)?
2
Let d(t) = -8*t**2 + 6. Let k = 8 - 13. Let b(g) = 9*g**2 - 7. Let q(n) = k*b(n) - 6*d(n). What is the units digit of q(4)?
7
Let x = 1613 + -1122. What is the units digit of x?
1
Suppose 5*i = -5*j + 59 + 601, 4*j = 3*i - 375. Suppose -5*w = -i - 296. What is the tens digit of ((-12)/5 + 3)*w?
5
Let t(i) = -i**3 - i**2 + 1. Let z(j) = -4*j**3 - 4*j**2 - 4. Let c(y) = 5*t(y) - z(y). What is the units digit of c(0)?
9
Suppose 5*a = -5*m + 414 - 1279, 5*a + 865 = 2*m. Let v = a + 303. What is the hundreds digit of v?
1
Suppose -4985 - 3012 = -11*n. What is the units digit of n?
7
Let k be 91/117 - 2/(-9). What is the hundreds digit of 4/k + (7 - -141)?
1
Let r = -11811 - -8351. What is the units digit of r/(-68) + 8/68?
1
Suppose 0 = -3*l + h + 22, 18 + 22 = 4*l + 4*h. Let b = 10 + l. What is the units digit of b?
8
Suppose -5*a + 290 = -0*a. Suppose -27 = -5*t + a. Suppose -4*u + t + 35 = 0. What is the tens digit of u?
1
Suppose -6*d + 94*d = 263560. What is the units digit of d?
5
Suppose -s - i + 64 = 0, 3*i - 312 = s - 6*s. Let o = s - 36. What is the tens digit of o?
2
Let l(j) = j**2 + 4*j + 10. Let d be l(-9). Suppose -7*h + 2*h + 10 = -c, 0 = 5*c - 2*h + 142. Let y = c + d. What is the units digit of y?
5
Let z(w) = -7*w - 7. Let m be z(-4). Let o = m + -11. What is the tens digit of o?
1
Suppose 0 = -28*k + 8*k + 6960. What is the hundreds digit of k?
3
Suppose -12*v + 20 = -8*v. Suppose -2*x + 166 = -2*m + 5*m, -20 = v*x. What is the units digit of m?
8
Suppose -5*a = -1300 - 285. What is the tens digit of a?
1
Let n(t) = -t**3 + 7*t**2 + 2*t - 1. Let m be n(7). Let q = -11 + m. Suppose -45 = -3*f - 3*b, -q*f - 3*f - b = -87. What is the units digit of f?
8
Suppose 29*z - 8439 = -0*z. What is the tens digit of z?
9
Suppose -5*b + 81 = 2*f, -30 = -f + b - 0. Let i = 35 - f. What is the units digit of i?
2
Let o(h) = -3*h - 10. Let b be o(-5). Suppose 0 = -5*g + 4*x + x + 240, -b*g + 195 = 4*x. What is the tens digit of g?
4
Let m = 89 - 92. What is the hundreds digit of 119 + (-16)/12*m?
1
Let q(i) = -3*i**3 - 3*i**2 + 5. Suppose -5*d = p + 2*p - 50, -10 = 5*d. Suppose 2*l - 1 = -2*t + 3, -4*t = -p. What is the tens digit of q(l)?
5
Suppose 0 = -2*r - 3*r + 2*q + 206, 0 = -4*r + 5*q + 175. What is the units digit of r?
0
Suppose 4*g = 3*g + 106. Let m(x) = x**3 - 5*x**2 + 2. Let n be m(5). Suppose -n*s = 4*o - 54, -3*s - 3*o - 28 = -g. What is the tens digit of s?
2
Let c = 25 + -23. Suppose 4*m - 20 = -5*q + q, -c*m - 38 = -4*q. What is the units digit of q?
8
Suppose 10*y - 9*y = 4. Suppose 0 = f + y - 1. What is the tens digit of f/(-21) + (-228)/(-21)?
1
Suppose -5 = x - 6*x. Let i(o) = o**2 - 5*o - 6*o + 1 + 10*o + 27*o**3. What is the units digit of i(x)?
8
What is the thousands digit of (-40)/24*253*-3*3?
3
Suppose -2*u - 3*u = 20. Let p = u + 10. Suppose 2*j = p*j - 92. What is the tens digit of j?
2
Let h = 2026 + -1293. What is the tens digit of h?
3
Let g(o) = -4 - 4*o**3 + 0*o**3 - 2*o + 3*o**3 + 5*o**2. Let d be 3 + 1 + (3 - 3). What is the units digit of g(d)?
4
Suppose -5*h = f - 1377, h + 3*f = 3*h - 561. Suppose 3*l = -5*a + h, -4*a + 53 = -4*l - 187. What is the units digit of a?
7
Let c(x) = -410*x + 2. Let n be c(1). Let r = -284 - n. Suppose -z - 3*z + r = 0. What is the units digit of z?
1
Suppose 3*y = 286 - 85. What is the tens digit of y?
6
Let r = -140 - -300. What is the tens digit of (8/20 + 0)*r?
6
Let y(v) = -15*v + 29*v**2 - 25*v**2 + 9 + 0*v. What is the units digit of y(11)?
8
Suppose -10 = -3*r - 4*y, 2 - 17 = -5*r - 5*y. Suppose 0*m - r*m + 106 = 0. What is the units digit of m?
3
Let v(s) = 197*s**2 + 19*s + 1. What is the tens digit of v(2)?
2
Suppose -4*z - 4572 = -2*z. What is the units digit of (z/(-72))/((-1)/(-4))?
7
Suppose -4*s + d = -20590, -3*d - 5 - 1 = 0. What is the tens digit of s?
4
What is the thousands digit of ((-9)/(-9))/1 - 1394*-1?
1
Let h(p) = 3*p**3 + 10*p + 8*p**3 - 19*p**3 - 3*p**2 + 2 + 7*p**3. What is the units digit of h(-5)?
2
Let o(k) = -297*k + 108. What is the tens digit of o(-5)?
9
Suppose 0 = -6*c + 9*c + 9, -4*c - 570 = -p. What is the tens digit of p?
5
Suppose -3*a - 5*y + 9 = 0, 5*y - 3 = -2*a + a. Suppose -a*v + 1 = -8. Suppose 4*w - v*w = 13. What is the units digit of w?
3
Suppose 0 = 3*n + 12 + 24. What is the tens digit of 22/(2/4 - n/8)?
1
Let r(x) = -x**3 - 10*x**2 + 6*x - 4. Let p be (-1010)/90 + 2/9. What is the units digit of r(p)?
1
Let w(a) = -119*a + 1. Let j be 6/(-9) + (-1)/3. Let y be w(j). Suppose -3*d - m + 51 = -y, 2*d + 4*m = 124. What is the units digit of d?
6
Let t = 57 - 100. Let f = -126 - t. Let v = -37 - f. What is the units digit of v?
6
Suppose 1382 - 27642 = -65*c. What is the tens digit of c?
0
Let s(y) = -14*y - 6. Let r = -14 + 8. Let t be s(r). Suppose 3*l - j = 2 + t, -3*l + 3*j + 78 = 0. What is the tens digit of l?
2
Let v = 28 - 28. Suppose -9*q + 12*q - 300 = v. What is the hundreds digit of q?
1
Let v be (-20)/(-11) - 5*(-10)/275. What is the tens digit of ((-24)/10)/(v/(-145))?
7
Suppose 26*a = 25*a - 32. Let u = a - -56. What is the units digit of u?
4
Suppose 0 = -4*k - 5*c - 116, 0 = 3*k - k - 5*c + 88. What is the units digit of (2 - (-2 - -7))/(1/k)?
2
Let o(c) = -282*c - 203. What is the hundreds digit of o(-5)?
2
Suppose 0 = -2*u + 106 + 158. Let d be u/(-4) - 2*-1. Let o = d - -57. What is the units digit of o?
6
Let f(y) = -y**3 + 4*y**2 - y - 2. Let r be f(3). Suppose 10*i - 8*i = r. Suppose 97 = i*m + s, -3*m - 2*m = -3*s - 248. What is the units digit of m?
9
Suppose 4*x - 5 = 9*x, -4*u = x - 179. What is the units digit of u?
5
Let w(v) = -28*v + 115. What is the units digit of w(-15)?
5
Let j(z) = 2*z - 7*z - 10 + 159*z**2 - 143*z**2. What is the hundreds digit of j(3)?
1
Let o be (1/(-3))/((-3)/(-9)). Let i(d) = -45*d**2 - 2*d - 1. Let x be i(o). Let q = x + 64. What is the tens digit of q?
2
Suppose 55582 = 48*b + 5950. What is the tens digit of b?
3
Let c(i) = -i**2 + 9*i - 1. Let t be c(8). Suppose q + 2*d 